2 - 20*d + 55. What is the hundreds digit of b(w)?
7
Suppose 41*o - 36*o = 6505. Let v = 2124 - o. What is the units digit of v?
3
Let g(s) = 11*s**2 + 28*s + 1. Let r(i) = -12*i**2 - 26*i. Let z(f) = 7*g(f) + 6*r(f). What is the units digit of z(-17)?
2
Let m be (-5)/30*(-2758 + -8). Suppose -11*n + 10*n = -m. What is the units digit of n?
1
Let y(w) = 224*w**2 + 24*w + 51. What is the hundreds digit of y(-4)?
5
Let z(w) = 57*w + 68 + 7 + 15. What is the hundreds digit of z(4)?
3
Suppose 10 - 14 = -2*p. Suppose 5*z + 15 = 0, -3*n + 5*z + 243 = p*z. Let d = n + 9. What is the tens digit of d?
8
Let h = 8842 - 6094. Suppose 3*t - h - 3397 = -4*g, 2*t - 6150 = -4*g. What is the hundreds digit of g?
5
Suppose -101*o + 35367 = -2245112. What is the ten thousands digit of o?
2
Suppose 178*l - 46*l - 3396228 = 0. What is the thousands digit of l?
5
Let i = -197 + 199. Suppose -i*m - 792 = -2*g, 0 = 9*g - 13*g + m + 1569. What is the units digit of g?
1
Let y(l) = 149*l - 169. Suppose 30 - 22 = 2*w. What is the hundreds digit of y(w)?
4
Let y(k) = -27*k**3 - 6*k**2 + k + 5. What is the thousands digit of y(-5)?
3
Let z(f) be the first derivative of -f**4/24 + 17*f**3/3 - 13*f**2 + 26. Let p(g) be the second derivative of z(g). What is the units digit of p(-14)?
8
Suppose 2*v - 51 = 45. Let s = v - -539. What is the hundreds digit of s?
5
Let o(q) = -106*q + 3. Let d be -1 + (-3 - 2) + 3. What is the tens digit of o(d)?
2
Let v(o) = -72*o + 2. Let t(r) = -63*r + 2. Let q(m) = 6*t(m) - 5*v(m). Let s be (-1)/2*(-2 - -6). What is the tens digit of q(s)?
3
Let c = -233 - -257. Suppose -c*t - 9*t = -13827. What is the hundreds digit of t?
4
Let b(m) = m**2 - m - 8. Suppose 5 = a - 2*i - 6, -5*a + 55 = 3*i. Suppose -q - 4*z - 11 = 0, -2*q + 0*z = -3*z + a. What is the tens digit of b(q)?
4
Let z(k) = 2395*k - 911. What is the thousands digit of z(6)?
3
Let t be (-6 + -21 + -4)*-3. Suppose 2*p - 323 = -t. What is the hundreds digit of p?
1
Suppose -92743 = -43*v + 287033. What is the thousands digit of v?
8
Suppose 25*o + 64705 - 349705 = 0. What is the ten thousands digit of o?
1
Suppose -13*y + 825825 = 42*y. What is the hundreds digit of y?
0
Suppose -2*r = 4*g - 87226, -305280 = -7*r - 4*g + g. What is the thousands digit of r?
3
Suppose -3*c - c = 5*y + 95, -2*y + 94 = -5*c. What is the tens digit of (-2)/(-8) + (-915)/c?
4
What is the thousands digit of 152464/56*(0/(-6) + 7)?
9
Suppose 2*w = 2*b + 1930, -2*w - 3*b = -1180 - 755. Suppose -4*n + w + 34 = 0. What is the tens digit of n?
5
Suppose 3*u - 2*u = c + 4, 3*u = 5*c + 12. Suppose -9*v + u*v = -540. Let z = v - 0. What is the hundreds digit of z?
1
Let g(d) = 47*d**2 + 5*d + 1720. What is the ten thousands digit of g(-37)?
6
Let y = 25517 - 7484. What is the thousands digit of y?
8
What is the ten thousands digit of (2 + -854)*31025/(-730)?
3
Suppose -5*g + 2*a = -10, -3*g + 2*g = 2*a - 2. Suppose g*b - l - 346 = 13, 5*b - 891 = -4*l. What is the units digit of b?
9
What is the units digit of (-657)/18*90/(-20)*(-3056)/(-6)?
8
Let o = -215 + 317. Let y = 4 + o. Suppose y - 376 = -3*w. What is the tens digit of w?
9
Suppose 8*u - 7*u - 8 = -3*i, 4*u = -4*i. Suppose -3*z = -g - 1713 - 1694, 4*z + i*g = 4532. What is the hundreds digit of z?
1
Let a(d) = -245*d**3 - 6*d**2 + 15*d - 5. What is the units digit of a(-4)?
9
Let q = 22 + -39. Let o = q + 55. Let j = o - -27. What is the tens digit of j?
6
Let r be -4 - -2 - (13*102)/(-3). Let q = 729 - r. What is the units digit of q?
9
Let z(w) = -w**2 + 15*w - 24. Let m be z(13). Suppose b + 11 = -2*o + 5*o, 3*o = m*b + 13. What is the units digit of -1*b/(-6) - (-680)/51?
3
Suppose -5*g = 3*c - 26299, -22*c + 23*c + 10524 = 2*g. What is the hundreds digit of g?
2
Suppose 3 = -a + 11*w - 9*w, -3*w = 5*a - 37. Suppose 9*k = -2*b + a*k + 1708, 5*b + 4*k - 4240 = 0. What is the units digit of b?
4
Suppose 2*r = 2*m + r + 8, -4*m + 4*r - 16 = 0. Let f be -36*(176/12)/m. Suppose -f = 5*j - 502. What is the units digit of j?
4
Let m(x) be the second derivative of -3*x**3/2 + 81*x**2/2 + 82*x. What is the units digit of m(-10)?
1
Let d be (-432 - (-3 - -2)) + 0. Let s = -524 - -1178. Let b = s + d. What is the hundreds digit of b?
2
Let m = 45 - 45. Suppose -3*z = 3*d - m + 6, -5*z = -3*d + 50. Let g(t) = 4*t + 51. What is the units digit of g(z)?
3
Let n(m) = -2*m**2 + 13*m - 7. Let t be n(3). Suppose -t*l + 4755 = -2161. Suppose 82*i - l = 80*i. What is the units digit of i?
7
Let m be 1/6 + -4 + (-68)/(-24). What is the units digit of (7 - 4) + 275 + (m - 0)?
7
Suppose 0 = 25*v - 21 + 71. Let y(x) = -245*x - 33. What is the units digit of y(v)?
7
Let q(s) = -127*s - 3. Let b be q(-16). Suppose 20843 = 46*a + b. What is the tens digit of a?
0
Let g(m) = 509*m + 2398. What is the thousands digit of g(154)?
0
Suppose -5*a = -m + 21427, 904*a + 85618 = 4*m + 902*a. What is the units digit of m?
2
Suppose -4*z = 5*m - 40 - 5, -m + 5*z = 20. Let o = 265 - 87. Suppose -m*l + 362 = -l + d, -2*d = 2*l - o. What is the tens digit of l?
9
Suppose -162*b + 620 = -158*b. Suppose 5*d = -3*c + 560, -4*d = -c + 26 + b. What is the hundreds digit of c?
1
Suppose 2*m - 1 = -4*d + 1, -2*m = 5*d - 5. Let t be 9806*m/(-150) - 2/(-15). Suppose -3*r - t = -2*p, 5*r - 9 = -4. What is the units digit of p?
5
Suppose 2*j - 38 = -4*r, -2*r - 14 = -3*r + j. Suppose -r = 8*s - 59. Suppose -s - 27 = -c. What is the tens digit of c?
3
Suppose w = -3*o + 110, 4*w - 2*o - 424 = -6*o. Let g(v) = -4 + 51*v - 11*v**3 - w*v + 54*v + 4*v**2. What is the units digit of g(-2)?
8
Suppose 3*b = 5*z + 6798, 6*z = -b + 2*z + 2283. Suppose 389 = 4*v - b. What is the tens digit of v?
6
Suppose 3*t - 21 = -6. Suppose -t*s - u = -2*s - 130, -s = 5*u - 62. What is the tens digit of s?
4
Suppose 4*q + 1105 = 5*z + 2*q, 0 = 3*z - 2*q - 667. Let p = 565 - z. What is the tens digit of p?
4
Let o be 0 - (45/(-3))/5. Let t be o - 1 - 3 - 156. What is the hundreds digit of -2*(1 + 4/8*t)?
1
What is the ten thousands digit of 220*20/(-160)*5552/(-10)?
1
Suppose -3*i - 59513 = -9*i + 15889. What is the units digit of i?
7
Suppose 4*w = 5*h + 1119, -3*w = 7*h - 9*h - 442. Let g = -42 - h. What is the tens digit of g?
8
Let j be (272/36*24)/(3/9). Suppose 28048 - j = 36*p. What is the tens digit of p?
6
Let u be (-2 + (-9660)/(-8))*2 + -5. Suppose -7*b = -u + 236. What is the hundreds digit of b?
3
Let q(o) = 11*o + 24. Suppose -16*c + 168 = -4*c. What is the units digit of q(c)?
8
Suppose 53*z + 1513000 = 73*z. What is the tens digit of (-10)/(-35) - z/(-70)?
8
Suppose 5*b = 4*h + 65, -b - 5*h = 10 - 52. Let n(s) = s**3 - s**2 - 3*s + 6. Let l be n(4). Suppose l = m + b. What is the units digit of m?
5
Suppose -5*w = -k + 17, 2*k + 11 = -2*w - 3*w. Suppose -765 = -3*d - k*d - 3*c, -c + 155 = d. What is the tens digit of d?
5
Let m be (0/(-7))/(2/(-1)). Suppose m = -3*x + 5*a + 754 + 147, 0 = -2*a - 10. Suppose 0 = -j - j + x. What is the units digit of j?
6
Let k be 0/((-6)/(-5) + 7/(-35)). Suppose 10*n + 24*n - 10676 = k. What is the tens digit of n?
1
Let c(g) = -14*g + 8. Suppose 0 = 4*s + 4*z - 212, 3*z + 300 = 5*s + z. Let q = s - 67. What is the hundreds digit of c(q)?
1
Suppose -13*z = -14*z + 247. Let o = 442 - z. What is the hundreds digit of o?
1
Let j = -608 - -620. Suppose -313 = -j*l + 671. What is the units digit of l?
2
Suppose -2*i + 29299 = -2*j - 41407, 3*i + j = 106051. What is the units digit of i?
1
Let y be (-133)/(-5) + 34/85. Suppose 4*x + y = -t + 59, 4*t = 5*x + 191. What is the tens digit of t?
4
What is the hundreds digit of (-40453)/(-3) - 12/36?
4
Let b be (-3 + 8)*((-51)/(-15) - 3). Suppose l - b*a + 216 = 0, -l + a - 175 = 38. Let r = 380 + l. What is the units digit of r?
0
Suppose -20*p = -4829 - 147491. What is the units digit of p?
6
Let u be (-7)/(-2) - (-1)/4*2. Let d be u/((-28)/7)*8/(-2). Suppose 5*z = -d*t + 239, -2*z + 86 + 6 = -2*t. What is the units digit of z?
7
Let p = 13642 - 3991. What is the tens digit of p?
5
Let z(r) = -4*r**2 - 8*r + 7. Let y(g) = 8*g**2 + 17*g - 14. Let k(v) = -4*y(v) - 9*z(v). Suppose 0 = -0*f + 2*f - 6. What is the units digit of k(f)?
1
What is the ten thousands digit of (125 - -52933) + (-2 - -18)?
5
Suppose 5*k = -4*t + 2614, -t = 2*t 